{"id":211,"date":"2020-05-13T14:39:05","date_gmt":"2020-05-13T14:39:05","guid":{"rendered":"https:\/\/aristaria.es\/?page_id=211"},"modified":"2022-09-21T19:21:49","modified_gmt":"2022-09-21T19:21:49","slug":"inicio","status":"publish","type":"page","link":"https:\/\/aristaria.es\/","title":{"rendered":"Inicio"},"content":{"rendered":"\t\t<div data-elementor-type=\"wp-page\" data-elementor-id=\"211\" class=\"elementor elementor-211\">\n\t\t\t\t\t\t<div class=\"elementor-inner\">\n\t\t\t\t<div class=\"elementor-section-wrap\">\n\t\t\t\t\t\t\t\t\t<section class=\"elementor-section elementor-top-section elementor-element elementor-element-4b5ca6c elementor-section-height-min-height elementor-section-content-middle elementor-section-boxed elementor-section-height-default elementor-section-items-middle\" data-id=\"4b5ca6c\" data-element_type=\"section\" data-settings=\"{&quot;background_background&quot;:&quot;slideshow&quot;,&quot;background_slideshow_gallery&quot;:[{&quot;id&quot;:204,&quot;url&quot;:&quot;https:\\\/\\\/aristaria.es\\\/wp-content\\\/uploads\\\/2020\\\/05\\\/cropped-MAC-FOTO-071127-0093-2-1-scaled-1.jpg&quot;},{&quot;id&quot;:179,&quot;url&quot;:&quot;https:\\\/\\\/aristaria.es\\\/wp-content\\\/uploads\\\/2020\\\/05\\\/CSC_0170-scaled.jpg&quot;},{&quot;id&quot;:394,&quot;url&quot;:&quot;https:\\\/\\\/aristaria.es\\\/wp-content\\\/uploads\\\/2020\\\/05\\\/P1120107-scaled.jpg&quot;}],&quot;background_slideshow_ken_burns&quot;:&quot;yes&quot;,&quot;background_slideshow_loop&quot;:&quot;yes&quot;,&quot;background_slideshow_slide_duration&quot;:5000,&quot;background_slideshow_slide_transition&quot;:&quot;fade&quot;,&quot;background_slideshow_transition_duration&quot;:500,&quot;background_slideshow_ken_burns_zoom_direction&quot;:&quot;in&quot;}\">\n\t\t\t\t\t\t\t<div class=\"elementor-background-overlay\"><\/div>\n\t\t\t\t\t\t\t<div class=\"elementor-container elementor-column-gap-default\">\n\t\t\t\t\t\t\t<div class=\"elementor-row\">\n\t\t\t\t\t<div class=\"elementor-column elementor-col-100 elementor-top-column elementor-element elementor-element-03a416c\" data-id=\"03a416c\" data-element_type=\"column\">\n\t\t\t<div class=\"elementor-column-wrap elementor-element-populated\">\n\t\t\t\t\t\t\t<div class=\"elementor-widget-wrap\">\n\t\t\t\t\t\t<div class=\"elementor-element elementor-element-f8c4476 animated-slow elementor-invisible elementor-widget elementor-widget-heading\" data-id=\"f8c4476\" data-element_type=\"widget\" data-settings=\"{&quot;_animation&quot;:&quot;fadeIn&quot;}\" data-widget_type=\"heading.default\">\n\t\t\t\t<div class=\"elementor-widget-container\">\n\t\t\t<h1 class=\"elementor-heading-title elementor-size-large\">Bienvenidos <br>a Aristaria<\/h1>\t\t<\/div>\n\t\t\t\t<\/div>\n\t\t\t\t\t\t<\/div>\n\t\t\t\t\t<\/div>\n\t\t<\/div>\n\t\t\t\t\t\t\t\t<\/div>\n\t\t\t\t\t<\/div>\n\t\t<\/section>\n\t\t\t\t<section class=\"elementor-section elementor-top-section elementor-element elementor-element-57ec12cb elementor-section-boxed elementor-section-height-default elementor-section-height-default\" data-id=\"57ec12cb\" data-element_type=\"section\">\n\t\t\t\t\t\t<div class=\"elementor-container elementor-column-gap-default\">\n\t\t\t\t\t\t\t<div class=\"elementor-row\">\n\t\t\t\t\t<div class=\"elementor-column elementor-col-100 elementor-top-column elementor-element elementor-element-27a45860\" data-id=\"27a45860\" data-element_type=\"column\">\n\t\t\t<div class=\"elementor-column-wrap elementor-element-populated\">\n\t\t\t\t\t\t\t<div class=\"elementor-widget-wrap\">\n\t\t\t\t\t\t<div class=\"elementor-element elementor-element-47a56956 elementor-widget-divider--view-line elementor-widget elementor-widget-divider\" data-id=\"47a56956\" data-element_type=\"widget\" data-widget_type=\"divider.default\">\n\t\t\t\t<div class=\"elementor-widget-container\">\n\t\t\t\t\t<div class=\"elementor-divider\">\n\t\t\t<span class=\"elementor-divider-separator\">\n\t\t\t\t\t\t<\/span>\n\t\t<\/div>\n\t\t\t\t<\/div>\n\t\t\t\t<\/div>\n\t\t\t\t<div class=\"elementor-element elementor-element-565520f3 elementor-widget elementor-widget-heading\" data-id=\"565520f3\" data-element_type=\"widget\" data-widget_type=\"heading.default\">\n\t\t\t\t<div class=\"elementor-widget-container\">\n\t\t\t<h4 class=\"elementor-heading-title elementor-size-large\">Tu cantera de \u00e1ridos con EXCELENTE ubicaci\u00f3n al n\u00facleo urbano.<\/h4>\t\t<\/div>\n\t\t\t\t<\/div>\n\t\t\t\t<div class=\"elementor-element elementor-element-30e93b71 elementor-widget-divider--view-line elementor-widget elementor-widget-divider\" data-id=\"30e93b71\" data-element_type=\"widget\" data-widget_type=\"divider.default\">\n\t\t\t\t<div class=\"elementor-widget-container\">\n\t\t\t\t\t<div class=\"elementor-divider\">\n\t\t\t<span class=\"elementor-divider-separator\">\n\t\t\t\t\t\t<\/span>\n\t\t<\/div>\n\t\t\t\t<\/div>\n\t\t\t\t<\/div>\n\t\t\t\t\t\t<\/div>\n\t\t\t\t\t<\/div>\n\t\t<\/div>\n\t\t\t\t\t\t\t\t<\/div>\n\t\t\t\t\t<\/div>\n\t\t<\/section>\n\t\t\t\t<section class=\"elementor-section elementor-top-section elementor-element elementor-element-210f72ef elementor-section-boxed elementor-section-height-default elementor-section-height-default\" data-id=\"210f72ef\" data-element_type=\"section\">\n\t\t\t\t\t\t\t<div class=\"elementor-background-overlay\"><\/div>\n\t\t\t\t\t\t\t<div class=\"elementor-container elementor-column-gap-default\">\n\t\t\t\t\t\t\t<div class=\"elementor-row\">\n\t\t\t\t\t<div class=\"elementor-column elementor-col-50 elementor-top-column elementor-element elementor-element-2cdcab80\" data-id=\"2cdcab80\" data-element_type=\"column\">\n\t\t\t<div class=\"elementor-column-wrap elementor-element-populated\">\n\t\t\t\t\t\t\t<div class=\"elementor-widget-wrap\">\n\t\t\t\t\t\t<div class=\"elementor-element elementor-element-14e8f3ba elementor-view-default elementor-widget elementor-widget-icon\" data-id=\"14e8f3ba\" data-element_type=\"widget\" data-widget_type=\"icon.default\">\n\t\t\t\t<div class=\"elementor-widget-container\">\n\t\t\t\t\t<div class=\"elementor-icon-wrapper\">\n\t\t\t<div class=\"elementor-icon\">\n\t\t\t<i aria-hidden=\"true\" class=\"fas fa-phone\"><\/i>\t\t\t<\/div>\n\t\t<\/div>\n\t\t\t\t<\/div>\n\t\t\t\t<\/div>\n\t\t\t\t<div class=\"elementor-element elementor-element-5fd9ba25 elementor-widget elementor-widget-heading\" data-id=\"5fd9ba25\" data-element_type=\"widget\" data-widget_type=\"heading.default\">\n\t\t\t\t<div class=\"elementor-widget-container\">\n\t\t\t<h2 class=\"elementor-heading-title elementor-size-small\">961 653 773 \n<\/h2>\t\t<\/div>\n\t\t\t\t<\/div>\n\t\t\t\t<div class=\"elementor-element elementor-element-3847a13 elementor-widget elementor-widget-heading\" data-id=\"3847a13\" data-element_type=\"widget\" data-widget_type=\"heading.default\">\n\t\t\t\t<div class=\"elementor-widget-container\">\n\t\t\t<h2 class=\"elementor-heading-title elementor-size-small\">667 475 420\n<\/h2>\t\t<\/div>\n\t\t\t\t<\/div>\n\t\t\t\t\t\t<\/div>\n\t\t\t\t\t<\/div>\n\t\t<\/div>\n\t\t\t\t<div class=\"elementor-column elementor-col-50 elementor-top-column elementor-element elementor-element-34b6e2fb\" data-id=\"34b6e2fb\" data-element_type=\"column\">\n\t\t\t<div class=\"elementor-column-wrap elementor-element-populated\">\n\t\t\t\t\t\t\t<div class=\"elementor-widget-wrap\">\n\t\t\t\t\t\t<div class=\"elementor-element elementor-element-77ba9436 elementor-view-default elementor-widget elementor-widget-icon\" data-id=\"77ba9436\" data-element_type=\"widget\" data-widget_type=\"icon.default\">\n\t\t\t\t<div class=\"elementor-widget-container\">\n\t\t\t\t\t<div class=\"elementor-icon-wrapper\">\n\t\t\t<div class=\"elementor-icon\">\n\t\t\t<i aria-hidden=\"true\" class=\"far fa-envelope\"><\/i>\t\t\t<\/div>\n\t\t<\/div>\n\t\t\t\t<\/div>\n\t\t\t\t<\/div>\n\t\t\t\t<div class=\"elementor-element elementor-element-57ebf772 elementor-widget elementor-widget-heading\" data-id=\"57ebf772\" data-element_type=\"widget\" data-widget_type=\"heading.default\">\n\t\t\t\t<div class=\"elementor-widget-container\">\n\t\t\t<h2 class=\"elementor-heading-title elementor-size-small\">info@aristaria.es<\/h2>\t\t<\/div>\n\t\t\t\t<\/div>\n\t\t\t\t\t\t<\/div>\n\t\t\t\t\t<\/div>\n\t\t<\/div>\n\t\t\t\t\t\t\t\t<\/div>\n\t\t\t\t\t<\/div>\n\t\t<\/section>\n\t\t\t\t<section class=\"elementor-section elementor-top-section elementor-element elementor-element-cc5ee31 elementor-section-boxed elementor-section-height-default elementor-section-height-default\" data-id=\"cc5ee31\" data-element_type=\"section\">\n\t\t\t\t\t\t<div class=\"elementor-container elementor-column-gap-default\">\n\t\t\t\t\t\t\t<div class=\"elementor-row\">\n\t\t\t\t\t<div class=\"elementor-column elementor-col-50 elementor-top-column elementor-element elementor-element-6a072e5\" data-id=\"6a072e5\" data-element_type=\"column\">\n\t\t\t<div class=\"elementor-column-wrap\">\n\t\t\t\t\t\t\t<div class=\"elementor-widget-wrap\">\n\t\t\t\t\t\t\t\t<\/div>\n\t\t\t\t\t<\/div>\n\t\t<\/div>\n\t\t\t\t<div class=\"elementor-column elementor-col-50 elementor-top-column elementor-element elementor-element-f23646a\" data-id=\"f23646a\" data-element_type=\"column\">\n\t\t\t<div class=\"elementor-column-wrap\">\n\t\t\t\t\t\t\t<div class=\"elementor-widget-wrap\">\n\t\t\t\t\t\t\t\t<\/div>\n\t\t\t\t\t<\/div>\n\t\t<\/div>\n\t\t\t\t\t\t\t\t<\/div>\n\t\t\t\t\t<\/div>\n\t\t<\/section>\n\t\t\t\t<section class=\"elementor-section elementor-top-section elementor-element elementor-element-1babbf4 elementor-section-boxed elementor-section-height-default elementor-section-height-default\" data-id=\"1babbf4\" data-element_type=\"section\">\n\t\t\t\t\t\t<div class=\"elementor-container elementor-column-gap-default\">\n\t\t\t\t\t\t\t<div class=\"elementor-row\">\n\t\t\t\t\t<div class=\"elementor-column elementor-col-33 elementor-top-column elementor-element elementor-element-bb3fcd0\" data-id=\"bb3fcd0\" data-element_type=\"column\">\n\t\t\t<div class=\"elementor-column-wrap elementor-element-populated\">\n\t\t\t\t\t\t\t<div class=\"elementor-widget-wrap\">\n\t\t\t\t\t\t<div class=\"elementor-element elementor-element-c824bd2 elementor-widget elementor-widget-image\" data-id=\"c824bd2\" data-element_type=\"widget\" data-widget_type=\"image.default\">\n\t\t\t\t<div class=\"elementor-widget-container\">\n\t\t\t\t\t\t\t\t<div class=\"elementor-image\">\n\t\t\t\t\t\t\t\t\t\t\t\t<img loading=\"lazy\" decoding=\"async\" width=\"205\" height=\"205\" src=\"https:\/\/aristaria.es\/wp-content\/uploads\/2022\/09\/logotipo-DAPA\u0301ridos.jpg\" class=\"attachment-large size-large wp-image-706\" alt=\"\" srcset=\"https:\/\/aristaria.es\/wp-content\/uploads\/2022\/09\/logotipo-DAPA\u0301ridos.jpg 205w, https:\/\/aristaria.es\/wp-content\/uploads\/2022\/09\/logotipo-DAPA\u0301ridos-150x150.jpg 150w, https:\/\/aristaria.es\/wp-content\/uploads\/2022\/09\/logotipo-DAPA\u0301ridos-100x100.jpg 100w\" sizes=\"auto, 100vw\" \/>\t\t\t\t\t\t\t\t\t\t\t\t\t\t<\/div>\n\t\t\t\t\t\t<\/div>\n\t\t\t\t<\/div>\n\t\t\t\t<div class=\"elementor-element elementor-element-177aad7 elementor-widget elementor-widget-text-editor\" data-id=\"177aad7\" data-element_type=\"widget\" data-widget_type=\"text-editor.default\">\n\t\t\t\t<div class=\"elementor-widget-container\">\n\t\t\t\t\t\t\t\t<div class=\"elementor-text-editor elementor-clearfix\">\n\t\t\t\t<p><span style=\"font-size: 8pt\">ARISTARIA SL. es una explotaci\u00f3n incluida en la declaraci\u00f3n ambiental de producto acu\u00f1ada por la&nbsp; Federaci\u00f3n de \u00c1ridos.<\/span><\/p>\t\t\t\t\t<\/div>\n\t\t\t\t\t\t<\/div>\n\t\t\t\t<\/div>\n\t\t\t\t\t\t<\/div>\n\t\t\t\t\t<\/div>\n\t\t<\/div>\n\t\t\t\t<div class=\"elementor-column elementor-col-33 elementor-top-column elementor-element elementor-element-e3e72d7\" data-id=\"e3e72d7\" data-element_type=\"column\">\n\t\t\t<div class=\"elementor-column-wrap\">\n\t\t\t\t\t\t\t<div class=\"elementor-widget-wrap\">\n\t\t\t\t\t\t\t\t<\/div>\n\t\t\t\t\t<\/div>\n\t\t<\/div>\n\t\t\t\t<div class=\"elementor-column elementor-col-33 elementor-top-column elementor-element elementor-element-5383d1e\" data-id=\"5383d1e\" data-element_type=\"column\">\n\t\t\t<div class=\"elementor-column-wrap elementor-element-populated\">\n\t\t\t\t\t\t\t<div class=\"elementor-widget-wrap\">\n\t\t\t\t\t\t<div class=\"elementor-element elementor-element-2761ef9 elementor-widget elementor-widget-image\" data-id=\"2761ef9\" data-element_type=\"widget\" data-widget_type=\"image.default\">\n\t\t\t\t<div class=\"elementor-widget-container\">\n\t\t\t\t\t\t\t\t<div class=\"elementor-image\">\n\t\t\t\t\t\t\t\t\t\t\t\t<img loading=\"lazy\" decoding=\"async\" width=\"300\" height=\"132\" src=\"https:\/\/aristaria.es\/wp-content\/uploads\/2021\/09\/Captura-de-pantalla-2021-09-15-a-las-13.14.31-300x132.png\" class=\"attachment-medium size-medium wp-image-665\" alt=\"\" srcset=\"https:\/\/aristaria.es\/wp-content\/uploads\/2021\/09\/Captura-de-pantalla-2021-09-15-a-las-13.14.31-300x132.png 300w, https:\/\/aristaria.es\/wp-content\/uploads\/2021\/09\/Captura-de-pantalla-2021-09-15-a-las-13.14.31-1024x449.png 1024w, https:\/\/aristaria.es\/wp-content\/uploads\/2021\/09\/Captura-de-pantalla-2021-09-15-a-las-13.14.31-768x337.png 768w, https:\/\/aristaria.es\/wp-content\/uploads\/2021\/09\/Captura-de-pantalla-2021-09-15-a-las-13.14.31-1536x674.png 1536w, https:\/\/aristaria.es\/wp-content\/uploads\/2021\/09\/Captura-de-pantalla-2021-09-15-a-las-13.14.31.png 1668w\" sizes=\"auto, 100vw\" \/>\t\t\t\t\t\t\t\t\t\t\t\t\t\t<\/div>\n\t\t\t\t\t\t<\/div>\n\t\t\t\t<\/div>\n\t\t\t\t<div class=\"elementor-element elementor-element-fda893c elementor-widget elementor-widget-text-editor\" data-id=\"fda893c\" data-element_type=\"widget\" data-widget_type=\"text-editor.default\">\n\t\t\t\t<div class=\"elementor-widget-container\">\n\t\t\t\t\t\t\t\t<div class=\"elementor-text-editor elementor-clearfix\">\n\t\t\t\t<p><span style=\"font-size: 8pt\">ARISTARIA SL. ha recibido por parte de la Conselleria de Econom\u00eda Sostenible, Sectores Productivos, Comercio y Trabajo de la Generalitat Valenciana, la Subvenci\u00f3n de 69.772,00 \u20ac en apoyo al proyecto INPYME\/2021\/74 del <em>\u201cPrograma ayudas para mejorar la competitividad y sostenibilidad de las pymes industriales de los sectores de la Comunitat Valenciana del calzado, cer\u00e1mico, metal-mec\u00e1nico, textil, juguete, m\u00e1rmol-piedra natural y \u00e1ridos, madera &#8211; mueble e iluminaci\u00f3n, qu\u00edmico, automoci\u00f3n, pl\u00e1stico, envases y embalaje, papel y artes gr\u00e1ficas, valorizaci\u00f3n de residuos y los sectores emergentes de la biotecnolog\u00eda, producci\u00f3n audiovisual y producci\u00f3n de videojuegos, dentro de la cuarta fase de implantaci\u00f3n del Plan Estrat\u00e9gico de la Industria Valenciana\u201d.\u00a0<\/em><\/span><\/p>\t\t\t\t\t<\/div>\n\t\t\t\t\t\t<\/div>\n\t\t\t\t<\/div>\n\t\t\t\t\t\t<\/div>\n\t\t\t\t\t<\/div>\n\t\t<\/div>\n\t\t\t\t\t\t\t\t<\/div>\n\t\t\t\t\t<\/div>\n\t\t<\/section>\n\t\t\t\t\t\t\t\t\t<\/div>\n\t\t\t<\/div>\n\t\t\t\t\t<\/div>\n\t\t","protected":false},"excerpt":{"rendered":"<p>Bienvenidos a Aristaria Tu cantera de \u00e1ridos con EXCELENTE ubicaci\u00f3n al n\u00facleo urbano. 961 653 773 667 475 420 info@aristaria.es ARISTARIA SL. es una explotaci\u00f3n incluida en la declaraci\u00f3n ambiental de producto acu\u00f1ada por la&nbsp; Federaci\u00f3n de \u00c1ridos. ARISTARIA SL. ha recibido por parte de la Conselleria de Econom\u00eda Sostenible, Sectores Productivos, Comercio y Trabajo &hellip; <\/p>\n<p class=\"link-more\"><a href=\"https:\/\/aristaria.es\/\" class=\"more-link\">Continuar leyendo<span class=\"screen-reader-text\"> \u00abInicio\u00bb<\/span><\/a><\/p>\n","protected":false},"author":1,"featured_media":0,"parent":0,"menu_order":0,"comment_status":"closed","ping_status":"closed","template":"elementor_header_footer","meta":{"footnotes":""},"class_list":["post-211","page","type-page","status-publish","hentry"],"yoast_head":"<!-- This site is optimized with the Yoast SEO plugin v20.10 - https:\/\/yoast.com\/wordpress\/plugins\/seo\/ -->\n<title>Inicio - Aristaria S.L<\/title>\n<meta name=\"description\" content=\"Tu cantera de \u00e1ridos con excelente ubicaci\u00f3n al n\u00facleo urbano de Valencia. Nuestra actividad principal es la extracci\u00f3n, tratamiento y comercializaci\u00f3n de piedra caliza de excelente calidad.\" \/>\n<meta name=\"robots\" content=\"index, follow, max-snippet:-1, max-image-preview:large, max-video-preview:-1\" \/>\n<link rel=\"canonical\" href=\"https:\/\/aristaria.es\/\" \/>\n<meta property=\"og:locale\" content=\"es_ES\" \/>\n<meta property=\"og:type\" content=\"article\" \/>\n<meta property=\"og:title\" content=\"Inicio - Aristaria S.L\" \/>\n<meta property=\"og:description\" content=\"Tu cantera de \u00e1ridos con excelente ubicaci\u00f3n al n\u00facleo urbano de Valencia. Nuestra actividad principal es la extracci\u00f3n, tratamiento y comercializaci\u00f3n de piedra caliza de excelente calidad.\" \/>\n<meta property=\"og:url\" content=\"https:\/\/aristaria.es\/\" \/>\n<meta property=\"og:site_name\" content=\"Aristaria S.L\" \/>\n<meta property=\"article:modified_time\" content=\"2022-09-21T19:21:49+00:00\" \/>\n<meta property=\"og:image\" content=\"https:\/\/aristaria.es\/wp-content\/uploads\/2021\/09\/Captura-de-pantalla-2021-09-15-a-las-13.14.31-300x132.png\" \/>\n<meta name=\"twitter:card\" content=\"summary_large_image\" \/>\n<meta name=\"twitter:label1\" content=\"Tiempo de lectura\" \/>\n\t<meta name=\"twitter:data1\" content=\"2 minutos\" \/>\n<script type=\"application\/ld+json\" class=\"yoast-schema-graph\">{\"@context\":\"https:\/\/schema.org\",\"@graph\":[{\"@type\":\"WebPage\",\"@id\":\"https:\/\/aristaria.es\/\",\"url\":\"https:\/\/aristaria.es\/\",\"name\":\"Inicio - Aristaria S.L\",\"isPartOf\":{\"@id\":\"https:\/\/aristaria.es\/#website\"},\"datePublished\":\"2020-05-13T14:39:05+00:00\",\"dateModified\":\"2022-09-21T19:21:49+00:00\",\"description\":\"Tu cantera de \u00e1ridos con excelente ubicaci\u00f3n al n\u00facleo urbano de Valencia. Nuestra actividad principal es la extracci\u00f3n, tratamiento y comercializaci\u00f3n de piedra caliza de excelente calidad.\",\"breadcrumb\":{\"@id\":\"https:\/\/aristaria.es\/#breadcrumb\"},\"inLanguage\":\"es\",\"potentialAction\":[{\"@type\":\"ReadAction\",\"target\":[\"https:\/\/aristaria.es\/\"]}]},{\"@type\":\"BreadcrumbList\",\"@id\":\"https:\/\/aristaria.es\/#breadcrumb\",\"itemListElement\":[{\"@type\":\"ListItem\",\"position\":1,\"name\":\"Portada\",\"item\":\"https:\/\/aristaria.es\/\"},{\"@type\":\"ListItem\",\"position\":2,\"name\":\"Inicio\"}]},{\"@type\":\"WebSite\",\"@id\":\"https:\/\/aristaria.es\/#website\",\"url\":\"https:\/\/aristaria.es\/\",\"name\":\"Aristaria S.L\",\"description\":\"Cantera de \u00e1ridos\",\"publisher\":{\"@id\":\"https:\/\/aristaria.es\/#organization\"},\"potentialAction\":[{\"@type\":\"SearchAction\",\"target\":{\"@type\":\"EntryPoint\",\"urlTemplate\":\"https:\/\/aristaria.es\/?s={search_term_string}\"},\"query-input\":\"required name=search_term_string\"}],\"inLanguage\":\"es\"},{\"@type\":\"Organization\",\"@id\":\"https:\/\/aristaria.es\/#organization\",\"name\":\"Aristaria S.L\",\"url\":\"https:\/\/aristaria.es\/\",\"logo\":{\"@type\":\"ImageObject\",\"inLanguage\":\"es\",\"@id\":\"https:\/\/aristaria.es\/#\/schema\/logo\/image\/\",\"url\":\"https:\/\/aristaria.es\/wp-content\/uploads\/2020\/05\/cropped-aristaria-logo-1.png\",\"contentUrl\":\"https:\/\/aristaria.es\/wp-content\/uploads\/2020\/05\/cropped-aristaria-logo-1.png\",\"width\":250,\"height\":250,\"caption\":\"Aristaria S.L\"},\"image\":{\"@id\":\"https:\/\/aristaria.es\/#\/schema\/logo\/image\/\"}}]}<\/script>\n<!-- \/ Yoast SEO plugin. -->","yoast_head_json":{"title":"Inicio - Aristaria S.L","description":"Tu cantera de \u00e1ridos con excelente ubicaci\u00f3n al n\u00facleo urbano de Valencia. Nuestra actividad principal es la extracci\u00f3n, tratamiento y comercializaci\u00f3n de piedra caliza de excelente calidad.","robots":{"index":"index","follow":"follow","max-snippet":"max-snippet:-1","max-image-preview":"max-image-preview:large","max-video-preview":"max-video-preview:-1"},"canonical":"https:\/\/aristaria.es\/","og_locale":"es_ES","og_type":"article","og_title":"Inicio - Aristaria S.L","og_description":"Tu cantera de \u00e1ridos con excelente ubicaci\u00f3n al n\u00facleo urbano de Valencia. Nuestra actividad principal es la extracci\u00f3n, tratamiento y comercializaci\u00f3n de piedra caliza de excelente calidad.","og_url":"https:\/\/aristaria.es\/","og_site_name":"Aristaria S.L","article_modified_time":"2022-09-21T19:21:49+00:00","og_image":[{"url":"https:\/\/aristaria.es\/wp-content\/uploads\/2021\/09\/Captura-de-pantalla-2021-09-15-a-las-13.14.31-300x132.png"}],"twitter_card":"summary_large_image","twitter_misc":{"Tiempo de lectura":"2 minutos"},"schema":{"@context":"https:\/\/schema.org","@graph":[{"@type":"WebPage","@id":"https:\/\/aristaria.es\/","url":"https:\/\/aristaria.es\/","name":"Inicio - Aristaria S.L","isPartOf":{"@id":"https:\/\/aristaria.es\/#website"},"datePublished":"2020-05-13T14:39:05+00:00","dateModified":"2022-09-21T19:21:49+00:00","description":"Tu cantera de \u00e1ridos con excelente ubicaci\u00f3n al n\u00facleo urbano de Valencia. Nuestra actividad principal es la extracci\u00f3n, tratamiento y comercializaci\u00f3n de piedra caliza de excelente calidad.","breadcrumb":{"@id":"https:\/\/aristaria.es\/#breadcrumb"},"inLanguage":"es","potentialAction":[{"@type":"ReadAction","target":["https:\/\/aristaria.es\/"]}]},{"@type":"BreadcrumbList","@id":"https:\/\/aristaria.es\/#breadcrumb","itemListElement":[{"@type":"ListItem","position":1,"name":"Portada","item":"https:\/\/aristaria.es\/"},{"@type":"ListItem","position":2,"name":"Inicio"}]},{"@type":"WebSite","@id":"https:\/\/aristaria.es\/#website","url":"https:\/\/aristaria.es\/","name":"Aristaria S.L","description":"Cantera de \u00e1ridos","publisher":{"@id":"https:\/\/aristaria.es\/#organization"},"potentialAction":[{"@type":"SearchAction","target":{"@type":"EntryPoint","urlTemplate":"https:\/\/aristaria.es\/?s={search_term_string}"},"query-input":"required name=search_term_string"}],"inLanguage":"es"},{"@type":"Organization","@id":"https:\/\/aristaria.es\/#organization","name":"Aristaria S.L","url":"https:\/\/aristaria.es\/","logo":{"@type":"ImageObject","inLanguage":"es","@id":"https:\/\/aristaria.es\/#\/schema\/logo\/image\/","url":"https:\/\/aristaria.es\/wp-content\/uploads\/2020\/05\/cropped-aristaria-logo-1.png","contentUrl":"https:\/\/aristaria.es\/wp-content\/uploads\/2020\/05\/cropped-aristaria-logo-1.png","width":250,"height":250,"caption":"Aristaria S.L"},"image":{"@id":"https:\/\/aristaria.es\/#\/schema\/logo\/image\/"}}]}},"_links":{"self":[{"href":"https:\/\/aristaria.es\/index.php?rest_route=\/wp\/v2\/pages\/211","targetHints":{"allow":["GET"]}}],"collection":[{"href":"https:\/\/aristaria.es\/index.php?rest_route=\/wp\/v2\/pages"}],"about":[{"href":"https:\/\/aristaria.es\/index.php?rest_route=\/wp\/v2\/types\/page"}],"author":[{"embeddable":true,"href":"https:\/\/aristaria.es\/index.php?rest_route=\/wp\/v2\/users\/1"}],"replies":[{"embeddable":true,"href":"https:\/\/aristaria.es\/index.php?rest_route=%2Fwp%2Fv2%2Fcomments&post=211"}],"version-history":[{"count":32,"href":"https:\/\/aristaria.es\/index.php?rest_route=\/wp\/v2\/pages\/211\/revisions"}],"predecessor-version":[{"id":710,"href":"https:\/\/aristaria.es\/index.php?rest_route=\/wp\/v2\/pages\/211\/revisions\/710"}],"wp:attachment":[{"href":"https:\/\/aristaria.es\/index.php?rest_route=%2Fwp%2Fv2%2Fmedia&parent=211"}],"curies":[{"name":"wp","href":"https:\/\/api.w.org\/{rel}","templated":true}]}}