{"id":116,"date":"2020-05-12T15:26:14","date_gmt":"2020-05-12T15:26:14","guid":{"rendered":"https:\/\/aristaria.es\/?page_id=116"},"modified":"2020-05-19T20:19:01","modified_gmt":"2020-05-19T20:19:01","slug":"politica-de-calidad","status":"publish","type":"page","link":"https:\/\/aristaria.es\/?page_id=116","title":{"rendered":"Pol\u00edtica de calidad"},"content":{"rendered":"\t\t<div data-elementor-type=\"wp-page\" data-elementor-id=\"116\" class=\"elementor elementor-116\">\n\t\t\t\t\t\t<div class=\"elementor-inner\">\n\t\t\t\t<div class=\"elementor-section-wrap\">\n\t\t\t\t\t\t\t\t\t<section class=\"elementor-section elementor-top-section elementor-element elementor-element-3bb26ae7 animated-slow elementor-section-boxed elementor-section-height-default elementor-section-height-default elementor-invisible\" data-id=\"3bb26ae7\" data-element_type=\"section\" data-settings=\"{&quot;background_background&quot;:&quot;classic&quot;,&quot;animation&quot;:&quot;fadeIn&quot;}\">\n\t\t\t\t\t\t\t<div class=\"elementor-background-overlay\"><\/div>\n\t\t\t\t\t\t\t<div class=\"elementor-container elementor-column-gap-default\">\n\t\t\t\t\t\t\t<div class=\"elementor-row\">\n\t\t\t\t\t<div class=\"elementor-column elementor-col-100 elementor-top-column elementor-element elementor-element-3e944fe7\" data-id=\"3e944fe7\" data-element_type=\"column\">\n\t\t\t<div class=\"elementor-column-wrap elementor-element-populated\">\n\t\t\t\t\t\t\t<div class=\"elementor-widget-wrap\">\n\t\t\t\t\t\t<div class=\"elementor-element elementor-element-4c7c31b6 elementor-widget elementor-widget-heading\" data-id=\"4c7c31b6\" data-element_type=\"widget\" data-widget_type=\"heading.default\">\n\t\t\t\t<div class=\"elementor-widget-container\">\n\t\t\t<h1 class=\"elementor-heading-title elementor-size-large\">Pol\u00edtica de Calidad<\/h1>\t\t<\/div>\n\t\t\t\t<\/div>\n\t\t\t\t<div class=\"elementor-element elementor-element-3aba6bf elementor-widget elementor-widget-text-editor\" data-id=\"3aba6bf\" data-element_type=\"widget\" data-widget_type=\"text-editor.default\">\n\t\t\t\t<div class=\"elementor-widget-container\">\n\t\t\t\t\t\t\t\t<div class=\"elementor-text-editor elementor-clearfix\">\n\t\t\t\t<p>La calidad es para Aristaria S.L. un elemento diferenciador y reconocible desde el comienzo de su actividad para garantizar as\u00ed sus resultados de manera consistente con un enfoque de sostenibilidad en toda su actividad.<\/p><p>Por ello, establece, declara y asume los siguientes principios:<\/p><ul><li style=\"list-style-type: none\"><ul><li><span style=\"font-weight: 400\">Satisfacci\u00f3n de clientes.\u00a0<\/span><\/li><li><span style=\"font-weight: 400\">Control y ensayos permanentes de calidad en el producto.\u00a0<\/span><\/li><li><span style=\"font-weight: 400\">Miner\u00eda de calidad e innovaci\u00f3n permanente (I+D+i).\u00a0<\/span><\/li><li><span style=\"font-weight: 400\">Formaci\u00f3n continua de personal.\u00a0<\/span><\/li><li><span style=\"font-weight: 400\">Mejora continua en Seguridad y Salud Laboral.\u00a0<\/span><\/li><li><span style=\"font-weight: 400\">Cumplimiento continuo de la legislaci\u00f3n.\u00a0<\/span><\/li><li><span style=\"font-weight: 400\">Adecuaci\u00f3n y mejora permanente de instalaciones y maquinaria.\u00a0<\/span><\/li><li><span style=\"font-weight: 400\">Mejora continua en calidad y en materia medioambiental.\u00a0<\/span><\/li><li><span style=\"font-weight: 400\">Uso racional y sostenible de los recursos naturales.\u00a0<\/span><\/li><li><span style=\"font-weight: 400\">Prevenci\u00f3n de la contaminaci\u00f3n.\u00a0<\/span><\/li><li><span style=\"font-weight: 400\">Recuperaci\u00f3n y Reciclaje de residuos.\u00a0<\/span><\/li><li><span style=\"font-weight: 400\">Regeneraci\u00f3n y Restauraci\u00f3n del medio.\u00a0<\/span><\/li><li><span style=\"font-weight: 400\">Captaci\u00f3n y tratamiento de emisiones.\u00a0<\/span><\/li><li><span style=\"font-weight: 400\">Implantaci\u00f3n de nuevas tecnolog\u00edas.\u00a0<\/span><\/li><li><span style=\"font-weight: 400\">Ahorro y Eficiencia energ\u00e9tica.\u00a0<\/span><\/li><li><span style=\"font-weight: 400\">Colaboraci\u00f3n con las Administraciones en la conservaci\u00f3n de los Recursos Naturales<\/span><b>.\u00a0<\/b><\/li><\/ul><\/li><\/ul><p>Para la consecuci\u00f3n de su Pol\u00edtica, la Direcci\u00f3n provee a la organizaci\u00f3n de los recursos t\u00e9cnicos, econ\u00f3micos y humanos necesarios, siendo revisada anualmente, con el fin de verificar si es apropiada para el cumplimiento de los objetivos marcados y para el contexto y prop\u00f3sito de la organizaci\u00f3n.<\/p><p>La Direcci\u00f3n, a trav\u00e9s de su pol\u00edtica de calidad, adquiere el compromiso de alcanzar y mantener la mejora continua en todas sus actividades y garantiza que los principios de la compa\u00f1\u00eda propuestos son entendidos, implantados y mantenidos en todos los niveles de la organizaci\u00f3n.<\/p><p>Aristaria, S.L.<\/p>\t\t\t\t\t<\/div>\n\t\t\t\t\t\t<\/div>\n\t\t\t\t<\/div>\n\t\t\t\t\t\t<\/div>\n\t\t\t\t\t<\/div>\n\t\t<\/div>\n\t\t\t\t\t\t\t\t<\/div>\n\t\t\t\t\t<\/div>\n\t\t<\/section>\n\t\t\t\t<section class=\"elementor-section elementor-top-section elementor-element elementor-element-2d86eee elementor-section-boxed elementor-section-height-default elementor-section-height-default\" data-id=\"2d86eee\" data-element_type=\"section\">\n\t\t\t\t\t\t\t<div class=\"elementor-background-overlay\"><\/div>\n\t\t\t\t\t\t\t<div class=\"elementor-container elementor-column-gap-default\">\n\t\t\t\t\t\t\t<div class=\"elementor-row\">\n\t\t\t\t\t<div class=\"elementor-column elementor-col-50 elementor-top-column elementor-element elementor-element-ec9b19b\" data-id=\"ec9b19b\" data-element_type=\"column\">\n\t\t\t<div class=\"elementor-column-wrap elementor-element-populated\">\n\t\t\t\t\t\t\t<div class=\"elementor-widget-wrap\">\n\t\t\t\t\t\t<div class=\"elementor-element elementor-element-23e88dac elementor-view-default elementor-widget elementor-widget-icon\" data-id=\"23e88dac\" data-element_type=\"widget\" data-widget_type=\"icon.default\">\n\t\t\t\t<div class=\"elementor-widget-container\">\n\t\t\t\t\t<div class=\"elementor-icon-wrapper\">\n\t\t\t<div class=\"elementor-icon\">\n\t\t\t<i aria-hidden=\"true\" class=\"fas fa-phone\"><\/i>\t\t\t<\/div>\n\t\t<\/div>\n\t\t\t\t<\/div>\n\t\t\t\t<\/div>\n\t\t\t\t<div class=\"elementor-element elementor-element-7b17bc09 elementor-widget elementor-widget-heading\" data-id=\"7b17bc09\" data-element_type=\"widget\" data-widget_type=\"heading.default\">\n\t\t\t\t<div class=\"elementor-widget-container\">\n\t\t\t<h2 class=\"elementor-heading-title elementor-size-small\">961 653 773 - 667 475 420\n<\/h2>\t\t<\/div>\n\t\t\t\t<\/div>\n\t\t\t\t\t\t<\/div>\n\t\t\t\t\t<\/div>\n\t\t<\/div>\n\t\t\t\t<div class=\"elementor-column elementor-col-50 elementor-top-column elementor-element elementor-element-15a56571\" data-id=\"15a56571\" data-element_type=\"column\">\n\t\t\t<div class=\"elementor-column-wrap elementor-element-populated\">\n\t\t\t\t\t\t\t<div class=\"elementor-widget-wrap\">\n\t\t\t\t\t\t<div class=\"elementor-element elementor-element-6dc7aeb0 elementor-view-default elementor-widget elementor-widget-icon\" data-id=\"6dc7aeb0\" data-element_type=\"widget\" data-widget_type=\"icon.default\">\n\t\t\t\t<div class=\"elementor-widget-container\">\n\t\t\t\t\t<div class=\"elementor-icon-wrapper\">\n\t\t\t<div class=\"elementor-icon\">\n\t\t\t<i aria-hidden=\"true\" class=\"far fa-envelope\"><\/i>\t\t\t<\/div>\n\t\t<\/div>\n\t\t\t\t<\/div>\n\t\t\t\t<\/div>\n\t\t\t\t<div class=\"elementor-element elementor-element-5e787a0c elementor-widget elementor-widget-heading\" data-id=\"5e787a0c\" data-element_type=\"widget\" data-widget_type=\"heading.default\">\n\t\t\t\t<div class=\"elementor-widget-container\">\n\t\t\t<h2 class=\"elementor-heading-title elementor-size-small\">info@aristaria.es<\/h2>\t\t<\/div>\n\t\t\t\t<\/div>\n\t\t\t\t\t\t<\/div>\n\t\t\t\t\t<\/div>\n\t\t<\/div>\n\t\t\t\t\t\t\t\t<\/div>\n\t\t\t\t\t<\/div>\n\t\t<\/section>\n\t\t\t\t\t\t\t\t\t<\/div>\n\t\t\t<\/div>\n\t\t\t\t\t<\/div>\n\t\t","protected":false},"excerpt":{"rendered":"<p>Pol\u00edtica de Calidad La calidad es para Aristaria S.L. un elemento diferenciador y reconocible desde el comienzo de su actividad para garantizar as\u00ed sus resultados de manera consistente con un enfoque de sostenibilidad en toda su actividad. Por ello, establece, declara y asume los siguientes principios: Satisfacci\u00f3n de clientes.\u00a0 Control y ensayos permanentes de calidad &hellip; <\/p>\n<p class=\"link-more\"><a href=\"https:\/\/aristaria.es\/?page_id=116\" class=\"more-link\">Continuar leyendo<span class=\"screen-reader-text\"> \u00abPol\u00edtica de calidad\u00bb<\/span><\/a><\/p>\n","protected":false},"author":1,"featured_media":0,"parent":0,"menu_order":0,"comment_status":"closed","ping_status":"closed","template":"elementor_header_footer","meta":{"footnotes":""},"class_list":["post-116","page","type-page","status-publish","hentry"],"yoast_head":"<!-- This site is optimized with the Yoast SEO plugin v20.10 - https:\/\/yoast.com\/wordpress\/plugins\/seo\/ -->\n<title>Pol\u00edtica de calidad - Aristaria S.L<\/title>\n<meta name=\"robots\" content=\"index, follow, max-snippet:-1, max-image-preview:large, max-video-preview:-1\" \/>\n<link rel=\"canonical\" href=\"https:\/\/aristaria.es\/?page_id=116\" \/>\n<meta property=\"og:locale\" content=\"es_ES\" \/>\n<meta property=\"og:type\" content=\"article\" \/>\n<meta property=\"og:title\" content=\"Pol\u00edtica de calidad - Aristaria S.L\" \/>\n<meta property=\"og:description\" content=\"Pol\u00edtica de Calidad La calidad es para Aristaria S.L. un elemento diferenciador y reconocible desde el comienzo de su actividad para garantizar as\u00ed sus resultados de manera consistente con un enfoque de sostenibilidad en toda su actividad. Por ello, establece, declara y asume los siguientes principios: Satisfacci\u00f3n de clientes.\u00a0 Control y ensayos permanentes de calidad &hellip; Continuar leyendo &quot;Pol\u00edtica de calidad&quot;\" \/>\n<meta property=\"og:url\" content=\"https:\/\/aristaria.es\/?page_id=116\" \/>\n<meta property=\"og:site_name\" content=\"Aristaria S.L\" \/>\n<meta property=\"article:modified_time\" content=\"2020-05-19T20:19:01+00:00\" \/>\n<meta name=\"twitter:card\" content=\"summary_large_image\" \/>\n<meta name=\"twitter:label1\" content=\"Tiempo de lectura\" \/>\n\t<meta name=\"twitter:data1\" content=\"1 minuto\" \/>\n<script type=\"application\/ld+json\" class=\"yoast-schema-graph\">{\"@context\":\"https:\/\/schema.org\",\"@graph\":[{\"@type\":\"WebPage\",\"@id\":\"https:\/\/aristaria.es\/?page_id=116\",\"url\":\"https:\/\/aristaria.es\/?page_id=116\",\"name\":\"Pol\u00edtica de calidad - Aristaria S.L\",\"isPartOf\":{\"@id\":\"https:\/\/aristaria.es\/#website\"},\"datePublished\":\"2020-05-12T15:26:14+00:00\",\"dateModified\":\"2020-05-19T20:19:01+00:00\",\"breadcrumb\":{\"@id\":\"https:\/\/aristaria.es\/?page_id=116#breadcrumb\"},\"inLanguage\":\"es\",\"potentialAction\":[{\"@type\":\"ReadAction\",\"target\":[\"https:\/\/aristaria.es\/?page_id=116\"]}]},{\"@type\":\"BreadcrumbList\",\"@id\":\"https:\/\/aristaria.es\/?page_id=116#breadcrumb\",\"itemListElement\":[{\"@type\":\"ListItem\",\"position\":1,\"name\":\"Portada\",\"item\":\"https:\/\/aristaria.es\/\"},{\"@type\":\"ListItem\",\"position\":2,\"name\":\"Pol\u00edtica de calidad\"}]},{\"@type\":\"WebSite\",\"@id\":\"https:\/\/aristaria.es\/#website\",\"url\":\"https:\/\/aristaria.es\/\",\"name\":\"Aristaria S.L\",\"description\":\"Cantera de \u00e1ridos\",\"publisher\":{\"@id\":\"https:\/\/aristaria.es\/#organization\"},\"potentialAction\":[{\"@type\":\"SearchAction\",\"target\":{\"@type\":\"EntryPoint\",\"urlTemplate\":\"https:\/\/aristaria.es\/?s={search_term_string}\"},\"query-input\":\"required name=search_term_string\"}],\"inLanguage\":\"es\"},{\"@type\":\"Organization\",\"@id\":\"https:\/\/aristaria.es\/#organization\",\"name\":\"Aristaria S.L\",\"url\":\"https:\/\/aristaria.es\/\",\"logo\":{\"@type\":\"ImageObject\",\"inLanguage\":\"es\",\"@id\":\"https:\/\/aristaria.es\/#\/schema\/logo\/image\/\",\"url\":\"https:\/\/aristaria.es\/wp-content\/uploads\/2020\/05\/cropped-aristaria-logo-1.png\",\"contentUrl\":\"https:\/\/aristaria.es\/wp-content\/uploads\/2020\/05\/cropped-aristaria-logo-1.png\",\"width\":250,\"height\":250,\"caption\":\"Aristaria S.L\"},\"image\":{\"@id\":\"https:\/\/aristaria.es\/#\/schema\/logo\/image\/\"}}]}<\/script>\n<!-- \/ Yoast SEO plugin. -->","yoast_head_json":{"title":"Pol\u00edtica de calidad - Aristaria S.L","robots":{"index":"index","follow":"follow","max-snippet":"max-snippet:-1","max-image-preview":"max-image-preview:large","max-video-preview":"max-video-preview:-1"},"canonical":"https:\/\/aristaria.es\/?page_id=116","og_locale":"es_ES","og_type":"article","og_title":"Pol\u00edtica de calidad - Aristaria S.L","og_description":"Pol\u00edtica de Calidad La calidad es para Aristaria S.L. un elemento diferenciador y reconocible desde el comienzo de su actividad para garantizar as\u00ed sus resultados de manera consistente con un enfoque de sostenibilidad en toda su actividad. Por ello, establece, declara y asume los siguientes principios: Satisfacci\u00f3n de clientes.\u00a0 Control y ensayos permanentes de calidad &hellip; Continuar leyendo \"Pol\u00edtica de calidad\"","og_url":"https:\/\/aristaria.es\/?page_id=116","og_site_name":"Aristaria S.L","article_modified_time":"2020-05-19T20:19:01+00:00","twitter_card":"summary_large_image","twitter_misc":{"Tiempo de lectura":"1 minuto"},"schema":{"@context":"https:\/\/schema.org","@graph":[{"@type":"WebPage","@id":"https:\/\/aristaria.es\/?page_id=116","url":"https:\/\/aristaria.es\/?page_id=116","name":"Pol\u00edtica de calidad - Aristaria S.L","isPartOf":{"@id":"https:\/\/aristaria.es\/#website"},"datePublished":"2020-05-12T15:26:14+00:00","dateModified":"2020-05-19T20:19:01+00:00","breadcrumb":{"@id":"https:\/\/aristaria.es\/?page_id=116#breadcrumb"},"inLanguage":"es","potentialAction":[{"@type":"ReadAction","target":["https:\/\/aristaria.es\/?page_id=116"]}]},{"@type":"BreadcrumbList","@id":"https:\/\/aristaria.es\/?page_id=116#breadcrumb","itemListElement":[{"@type":"ListItem","position":1,"name":"Portada","item":"https:\/\/aristaria.es\/"},{"@type":"ListItem","position":2,"name":"Pol\u00edtica de calidad"}]},{"@type":"WebSite","@id":"https:\/\/aristaria.es\/#website","url":"https:\/\/aristaria.es\/","name":"Aristaria S.L","description":"Cantera de \u00e1ridos","publisher":{"@id":"https:\/\/aristaria.es\/#organization"},"potentialAction":[{"@type":"SearchAction","target":{"@type":"EntryPoint","urlTemplate":"https:\/\/aristaria.es\/?s={search_term_string}"},"query-input":"required name=search_term_string"}],"inLanguage":"es"},{"@type":"Organization","@id":"https:\/\/aristaria.es\/#organization","name":"Aristaria S.L","url":"https:\/\/aristaria.es\/","logo":{"@type":"ImageObject","inLanguage":"es","@id":"https:\/\/aristaria.es\/#\/schema\/logo\/image\/","url":"https:\/\/aristaria.es\/wp-content\/uploads\/2020\/05\/cropped-aristaria-logo-1.png","contentUrl":"https:\/\/aristaria.es\/wp-content\/uploads\/2020\/05\/cropped-aristaria-logo-1.png","width":250,"height":250,"caption":"Aristaria S.L"},"image":{"@id":"https:\/\/aristaria.es\/#\/schema\/logo\/image\/"}}]}},"_links":{"self":[{"href":"https:\/\/aristaria.es\/index.php?rest_route=\/wp\/v2\/pages\/116","targetHints":{"allow":["GET"]}}],"collection":[{"href":"https:\/\/aristaria.es\/index.php?rest_route=\/wp\/v2\/pages"}],"about":[{"href":"https:\/\/aristaria.es\/index.php?rest_route=\/wp\/v2\/types\/page"}],"author":[{"embeddable":true,"href":"https:\/\/aristaria.es\/index.php?rest_route=\/wp\/v2\/users\/1"}],"replies":[{"embeddable":true,"href":"https:\/\/aristaria.es\/index.php?rest_route=%2Fwp%2Fv2%2Fcomments&post=116"}],"version-history":[{"count":15,"href":"https:\/\/aristaria.es\/index.php?rest_route=\/wp\/v2\/pages\/116\/revisions"}],"predecessor-version":[{"id":581,"href":"https:\/\/aristaria.es\/index.php?rest_route=\/wp\/v2\/pages\/116\/revisions\/581"}],"wp:attachment":[{"href":"https:\/\/aristaria.es\/index.php?rest_route=%2Fwp%2Fv2%2Fmedia&parent=116"}],"curies":[{"name":"wp","href":"https:\/\/api.w.org\/{rel}","templated":true}]}}