{"id":110,"date":"2020-05-12T15:20:43","date_gmt":"2020-05-12T15:20:43","guid":{"rendered":"https:\/\/aristaria.es\/?page_id=110"},"modified":"2025-06-20T14:50:47","modified_gmt":"2025-06-20T14:50:47","slug":"la-empresa","status":"publish","type":"page","link":"https:\/\/aristaria.es\/?page_id=110","title":{"rendered":"La empresa"},"content":{"rendered":"\t\t<div data-elementor-type=\"wp-page\" data-elementor-id=\"110\" class=\"elementor elementor-110\">\n\t\t\t\t\t\t<div class=\"elementor-inner\">\n\t\t\t\t<div class=\"elementor-section-wrap\">\n\t\t\t\t\t\t\t\t\t<section class=\"elementor-section elementor-top-section elementor-element elementor-element-4f18a8b elementor-section-boxed elementor-section-height-default elementor-section-height-default\" data-id=\"4f18a8b\" data-element_type=\"section\">\n\t\t\t\t\t\t<div class=\"elementor-container elementor-column-gap-default\">\n\t\t\t\t\t\t\t<div class=\"elementor-row\">\n\t\t\t\t\t<div class=\"elementor-column elementor-col-100 elementor-top-column elementor-element elementor-element-a1dc01a\" data-id=\"a1dc01a\" data-element_type=\"column\">\n\t\t\t<div class=\"elementor-column-wrap elementor-element-populated\">\n\t\t\t\t\t\t\t<div class=\"elementor-widget-wrap\">\n\t\t\t\t\t\t<div class=\"elementor-element elementor-element-466ca2e elementor-widget elementor-widget-spacer\" data-id=\"466ca2e\" data-element_type=\"widget\" data-widget_type=\"spacer.default\">\n\t\t\t\t<div class=\"elementor-widget-container\">\n\t\t\t\t\t<div class=\"elementor-spacer\">\n\t\t\t<div class=\"elementor-spacer-inner\"><\/div>\n\t\t<\/div>\n\t\t\t\t<\/div>\n\t\t\t\t<\/div>\n\t\t\t\t<div class=\"elementor-element elementor-element-a749044 elementor-widget elementor-widget-text-editor\" data-id=\"a749044\" data-element_type=\"widget\" data-widget_type=\"text-editor.default\">\n\t\t\t\t<div class=\"elementor-widget-container\">\n\t\t\t\t\t\t\t\t<div class=\"elementor-text-editor elementor-clearfix\">\n\t\t\t\t<p><span style=\"font-size: 12pt\"><b>ARISTARIA, S.L., <\/b>es una empresa que pertenece al <span style=\"color: #808080\"><a style=\"color: #808080\" href=\"https:\/\/cyes.es\/\">grupo Cyes.<\/a><\/span> Aristaria gestiona la explotaci\u00f3n minera iniciada en 1962 denominada \u201cEL PORVENIR\u201d, con n\u00famero de registro minero 704.<\/span><br \/><span style=\"font-size: 12pt\">La cantera se encuentra ubicada en el paraje denominado\u00a0\u201cLes Creus\u201d, situado en el t\u00e9rmino municipal Ribarroja del Turia,\u00a0a escasos cuatro km\u00a0<br \/><\/span><span style=\"font-size: 12pt\">de distancia con la conexi\u00f3n al by-pass\u00a0Alicante-Barcelona (A-7) y a unos 20 km de distancia de Valencia ciudad.\u00a0<\/span><\/p><p><span style=\"font-size: 12pt\">La actividad principal es la extracci\u00f3n, tratamiento y comercializaci\u00f3n de piedra caliza de excelente calidad.\u00a0Cuenta con una dilatada experiencia de m\u00e1s de 50 a\u00f1os en suministros de materiales a obras portuarias: Ampliaci\u00f3n Sur Muelle Pr\u00edncipe Felipe, Construcci\u00f3n de Nueva Bocana, Ampliaci\u00f3n del Real Club N\u00e1utico de Valencia, Construcci\u00f3n del Abrigo para la Ampliaci\u00f3n Norte,\u00a0Construcci\u00f3n del Muelle de Cruceros Fase 1, Ampliaci\u00f3n de la Terminal de Contenedores MSC\u2026, todas estas obras pertenecientes al Puerto Aut\u00f3nomo de Valencia.<\/span><\/p><p><span style=\"font-size: 12pt\">La cantera \u00abEl Porvenir\u00bb cuenta con planta de tratamiento para la fabricaci\u00f3n de \u00e1ridos destinados fundamentalmente al sector de la construcci\u00f3n: fabricaci\u00f3n de hormig\u00f3n, cemento, cales, prefabricados, pavimentos\u2026, adem\u00e1s de suministros de piedra sin procesar, directamente de voladura<br \/>\u00a0(todo uno volado y escolleras de diferentes vol\u00famenes).<br \/><\/span><\/p><p><span style=\"font-size: 12pt\">Contamos con un equipo humano cualificado y experimentado\u00a0en el sector trabajando para ofrecer a nuestros clientes actuales y potenciales\u00a0 productos y servicios de calidad.<br \/><\/span><\/p><p>\u00a0<\/p>\t\t\t\t\t<\/div>\n\t\t\t\t\t\t<\/div>\n\t\t\t\t<\/div>\n\t\t\t\t\t\t<\/div>\n\t\t\t\t\t<\/div>\n\t\t<\/div>\n\t\t\t\t\t\t\t\t<\/div>\n\t\t\t\t\t<\/div>\n\t\t<\/section>\n\t\t\t\t<section class=\"elementor-section elementor-top-section elementor-element elementor-element-740ce88 elementor-section-boxed elementor-section-height-default elementor-section-height-default\" data-id=\"740ce88\" data-element_type=\"section\">\n\t\t\t\t\t\t<div class=\"elementor-container elementor-column-gap-default\">\n\t\t\t\t\t\t\t<div class=\"elementor-row\">\n\t\t\t\t\t<div class=\"elementor-column elementor-col-100 elementor-top-column elementor-element elementor-element-b89d24d\" data-id=\"b89d24d\" data-element_type=\"column\">\n\t\t\t<div class=\"elementor-column-wrap elementor-element-populated\">\n\t\t\t\t\t\t\t<div class=\"elementor-widget-wrap\">\n\t\t\t\t\t\t<div class=\"elementor-element elementor-element-787c893 elementor-widget elementor-widget-spacer\" data-id=\"787c893\" data-element_type=\"widget\" data-widget_type=\"spacer.default\">\n\t\t\t\t<div class=\"elementor-widget-container\">\n\t\t\t\t\t<div class=\"elementor-spacer\">\n\t\t\t<div class=\"elementor-spacer-inner\"><\/div>\n\t\t<\/div>\n\t\t\t\t<\/div>\n\t\t\t\t<\/div>\n\t\t\t\t\t\t<\/div>\n\t\t\t\t\t<\/div>\n\t\t<\/div>\n\t\t\t\t\t\t\t\t<\/div>\n\t\t\t\t\t<\/div>\n\t\t<\/section>\n\t\t\t\t<section class=\"elementor-section elementor-top-section elementor-element elementor-element-6834524 elementor-section-boxed elementor-section-height-default elementor-section-height-default\" data-id=\"6834524\" data-element_type=\"section\">\n\t\t\t\t\t\t<div class=\"elementor-container elementor-column-gap-wide\">\n\t\t\t\t\t\t\t<div class=\"elementor-row\">\n\t\t\t\t\t<div class=\"elementor-column elementor-col-50 elementor-top-column elementor-element elementor-element-1522e19\" data-id=\"1522e19\" data-element_type=\"column\">\n\t\t\t<div class=\"elementor-column-wrap elementor-element-populated\">\n\t\t\t\t\t\t\t<div class=\"elementor-widget-wrap\">\n\t\t\t\t\t\t<div class=\"elementor-element elementor-element-1ab9241 animated-slow elementor-invisible elementor-widget elementor-widget-heading\" data-id=\"1ab9241\" data-element_type=\"widget\" data-settings=\"{&quot;_animation&quot;:&quot;fadeIn&quot;}\" data-widget_type=\"heading.default\">\n\t\t\t\t<div class=\"elementor-widget-container\">\n\t\t\t<h2 class=\"elementor-heading-title elementor-size-default\">La Cantera<\/h2>\t\t<\/div>\n\t\t\t\t<\/div>\n\t\t\t\t<div class=\"elementor-element elementor-element-c7d8f6e elementor-pagination-position-outside elementor-widget elementor-widget-image-carousel\" data-id=\"c7d8f6e\" data-element_type=\"widget\" data-settings=\"{&quot;slides_to_show&quot;:&quot;1&quot;,&quot;navigation&quot;:&quot;dots&quot;,&quot;autoplay&quot;:&quot;no&quot;,&quot;infinite&quot;:&quot;no&quot;,&quot;effect&quot;:&quot;slide&quot;,&quot;speed&quot;:500}\" data-widget_type=\"image-carousel.default\">\n\t\t\t\t<div class=\"elementor-widget-container\">\n\t\t\t\t\t<div class=\"elementor-image-carousel-wrapper swiper-container\" dir=\"ltr\">\n\t\t\t<div class=\"elementor-image-carousel swiper-wrapper\" aria-live=\"polite\">\n\t\t\t\t\t\t\t\t<div class=\"swiper-slide\" role=\"group\" aria-roledescription=\"slide\" aria-label=\"1 de 8\"><figure class=\"swiper-slide-inner\"><img decoding=\"async\" class=\"swiper-slide-image\" src=\"https:\/\/aristaria.es\/wp-content\/uploads\/2020\/05\/aristaria-cantera-perforaci\u00f3n.jpg\" alt=\"aristaria-cantera-perforaci\u00f3n\" \/><\/figure><\/div><div class=\"swiper-slide\" role=\"group\" aria-roledescription=\"slide\" aria-label=\"2 de 8\"><figure class=\"swiper-slide-inner\"><img decoding=\"async\" class=\"swiper-slide-image\" src=\"https:\/\/aristaria.es\/wp-content\/uploads\/2020\/05\/090820121272-scaled-e1589904576920.jpg\" alt=\"aristaria-cantera-planta\" \/><\/figure><\/div><div class=\"swiper-slide\" role=\"group\" aria-roledescription=\"slide\" aria-label=\"3 de 8\"><figure class=\"swiper-slide-inner\"><img decoding=\"async\" class=\"swiper-slide-image\" src=\"https:\/\/aristaria.es\/wp-content\/uploads\/2020\/05\/aristaria-cantera-\u00e1ridos-2.png\" alt=\"aristaria-cantera-\u00e1ridos\" \/><\/figure><\/div><div class=\"swiper-slide\" role=\"group\" aria-roledescription=\"slide\" aria-label=\"4 de 8\"><figure class=\"swiper-slide-inner\"><img decoding=\"async\" class=\"swiper-slide-image\" src=\"https:\/\/aristaria.es\/wp-content\/uploads\/2020\/05\/aristaria-cantera-dumper.png\" alt=\"aristaria-cantera-dumper\" \/><\/figure><\/div><div class=\"swiper-slide\" role=\"group\" aria-roledescription=\"slide\" aria-label=\"5 de 8\"><figure class=\"swiper-slide-inner\"><img decoding=\"async\" class=\"swiper-slide-image\" src=\"https:\/\/aristaria.es\/wp-content\/uploads\/2020\/05\/P1120107-1-scaled-e1589904619873.jpg\" alt=\"aristaria-cantera-\u00e1ridos\" \/><\/figure><\/div><div class=\"swiper-slide\" role=\"group\" aria-roledescription=\"slide\" aria-label=\"6 de 8\"><figure class=\"swiper-slide-inner\"><img decoding=\"async\" class=\"swiper-slide-image\" src=\"https:\/\/aristaria.es\/wp-content\/uploads\/2020\/05\/Puerto-05-03-036-1.jpg\" alt=\"aristaria-cantera-planta\" \/><\/figure><\/div><div class=\"swiper-slide\" role=\"group\" aria-roledescription=\"slide\" aria-label=\"7 de 8\"><figure class=\"swiper-slide-inner\"><img decoding=\"async\" class=\"swiper-slide-image\" src=\"https:\/\/aristaria.es\/wp-content\/uploads\/2020\/05\/Puerto-05-03-073.jpg\" alt=\"aristaria-cantera-planta\" \/><\/figure><\/div><div class=\"swiper-slide\" role=\"group\" aria-roledescription=\"slide\" aria-label=\"8 de 8\"><figure class=\"swiper-slide-inner\"><img decoding=\"async\" class=\"swiper-slide-image\" src=\"https:\/\/aristaria.es\/wp-content\/uploads\/2020\/05\/IMG_1731-scaled-e1589904629669.jpg\" alt=\"aristaria-\u00e1ridos-laboratorio\" \/><\/figure><\/div>\t\t\t<\/div>\n\t\t\t\t\t\t\t\n\t\t\t\t\t\t\t\t\t<div class=\"swiper-pagination\"><\/div>\n\t\t\t\t\t\t\t\t\t<\/div>\n\t\t\t\t<\/div>\n\t\t\t\t<\/div>\n\t\t\t\t\t\t<\/div>\n\t\t\t\t\t<\/div>\n\t\t<\/div>\n\t\t\t\t<div class=\"elementor-column elementor-col-50 elementor-top-column elementor-element elementor-element-a7b75bb\" data-id=\"a7b75bb\" data-element_type=\"column\">\n\t\t\t<div class=\"elementor-column-wrap elementor-element-populated\">\n\t\t\t\t\t\t\t<div class=\"elementor-widget-wrap\">\n\t\t\t\t\t\t<div class=\"elementor-element elementor-element-6a732d4 animated-slow elementor-invisible elementor-widget elementor-widget-heading\" data-id=\"6a732d4\" data-element_type=\"widget\" data-settings=\"{&quot;_animation&quot;:&quot;fadeIn&quot;}\" data-widget_type=\"heading.default\">\n\t\t\t\t<div class=\"elementor-widget-container\">\n\t\t\t<h2 class=\"elementor-heading-title elementor-size-default\">El Equipo<\/h2>\t\t<\/div>\n\t\t\t\t<\/div>\n\t\t\t\t<div class=\"elementor-element elementor-element-914826d elementor-pagination-position-outside elementor-widget elementor-widget-image-carousel\" data-id=\"914826d\" data-element_type=\"widget\" data-settings=\"{&quot;slides_to_show&quot;:&quot;1&quot;,&quot;navigation&quot;:&quot;dots&quot;,&quot;autoplay&quot;:&quot;no&quot;,&quot;infinite&quot;:&quot;no&quot;,&quot;effect&quot;:&quot;slide&quot;,&quot;speed&quot;:500}\" data-widget_type=\"image-carousel.default\">\n\t\t\t\t<div class=\"elementor-widget-container\">\n\t\t\t\t\t<div class=\"elementor-image-carousel-wrapper swiper-container\" dir=\"ltr\">\n\t\t\t<div class=\"elementor-image-carousel swiper-wrapper\" aria-live=\"polite\">\n\t\t\t\t\t\t\t\t<div class=\"swiper-slide\" role=\"group\" aria-roledescription=\"slide\" aria-label=\"1 de 6\"><figure class=\"swiper-slide-inner\"><img decoding=\"async\" class=\"swiper-slide-image\" src=\"https:\/\/aristaria.es\/wp-content\/uploads\/2020\/05\/IMG_1752-e1589904243402.jpg\" alt=\"aristaria-equipo-b\u00e1scula\" \/><\/figure><\/div><div class=\"swiper-slide\" role=\"group\" aria-roledescription=\"slide\" aria-label=\"2 de 6\"><figure class=\"swiper-slide-inner\"><img decoding=\"async\" class=\"swiper-slide-image\" src=\"https:\/\/aristaria.es\/wp-content\/uploads\/2020\/05\/IMG_1753-e1589904300551.jpg\" alt=\"aristaria-equipo\" \/><\/figure><\/div><div class=\"swiper-slide\" role=\"group\" aria-roledescription=\"slide\" aria-label=\"3 de 6\"><figure class=\"swiper-slide-inner\"><img decoding=\"async\" class=\"swiper-slide-image\" src=\"https:\/\/aristaria.es\/wp-content\/uploads\/2020\/05\/IMG_1755-e1589904324373.jpg\" alt=\"aristaria-equipo\" \/><\/figure><\/div><div class=\"swiper-slide\" role=\"group\" aria-roledescription=\"slide\" aria-label=\"4 de 6\"><figure class=\"swiper-slide-inner\"><img decoding=\"async\" class=\"swiper-slide-image\" src=\"https:\/\/aristaria.es\/wp-content\/uploads\/2020\/05\/IMG_1754-e1589904314659.jpg\" alt=\"aristaria-equipo\" \/><\/figure><\/div><div class=\"swiper-slide\" role=\"group\" aria-roledescription=\"slide\" aria-label=\"5 de 6\"><figure class=\"swiper-slide-inner\"><img decoding=\"async\" class=\"swiper-slide-image\" src=\"https:\/\/aristaria.es\/wp-content\/uploads\/2020\/05\/aristaria-planta-equipo.jpg\" alt=\"aristaria-equipo\" \/><\/figure><\/div><div class=\"swiper-slide\" role=\"group\" aria-roledescription=\"slide\" aria-label=\"6 de 6\"><figure class=\"swiper-slide-inner\"><img decoding=\"async\" class=\"swiper-slide-image\" src=\"https:\/\/aristaria.es\/wp-content\/uploads\/2020\/05\/IMG_1763-scaled.jpg\" alt=\"\" \/><\/figure><\/div>\t\t\t<\/div>\n\t\t\t\t\t\t\t\n\t\t\t\t\t\t\t\t\t<div class=\"swiper-pagination\"><\/div>\n\t\t\t\t\t\t\t\t\t<\/div>\n\t\t\t\t<\/div>\n\t\t\t\t<\/div>\n\t\t\t\t\t\t<\/div>\n\t\t\t\t\t<\/div>\n\t\t<\/div>\n\t\t\t\t\t\t\t\t<\/div>\n\t\t\t\t\t<\/div>\n\t\t<\/section>\n\t\t\t\t<section class=\"elementor-section elementor-top-section elementor-element elementor-element-2fc2508a elementor-section-boxed elementor-section-height-default elementor-section-height-default\" data-id=\"2fc2508a\" data-element_type=\"section\">\n\t\t\t\t\t\t\t<div class=\"elementor-background-overlay\"><\/div>\n\t\t\t\t\t\t\t<div class=\"elementor-container elementor-column-gap-default\">\n\t\t\t\t\t\t\t<div class=\"elementor-row\">\n\t\t\t\t\t<div class=\"elementor-column elementor-col-50 elementor-top-column elementor-element elementor-element-33d720a8\" data-id=\"33d720a8\" data-element_type=\"column\">\n\t\t\t<div class=\"elementor-column-wrap elementor-element-populated\">\n\t\t\t\t\t\t\t<div class=\"elementor-widget-wrap\">\n\t\t\t\t\t\t<div class=\"elementor-element elementor-element-5392a546 elementor-view-default elementor-widget elementor-widget-icon\" data-id=\"5392a546\" data-element_type=\"widget\" data-widget_type=\"icon.default\">\n\t\t\t\t<div class=\"elementor-widget-container\">\n\t\t\t\t\t<div class=\"elementor-icon-wrapper\">\n\t\t\t<div class=\"elementor-icon\">\n\t\t\t<i aria-hidden=\"true\" class=\"fas fa-phone\"><\/i>\t\t\t<\/div>\n\t\t<\/div>\n\t\t\t\t<\/div>\n\t\t\t\t<\/div>\n\t\t\t\t<div class=\"elementor-element elementor-element-7578c893 elementor-widget elementor-widget-heading\" data-id=\"7578c893\" data-element_type=\"widget\" data-widget_type=\"heading.default\">\n\t\t\t\t<div class=\"elementor-widget-container\">\n\t\t\t<h2 class=\"elementor-heading-title elementor-size-small\">961 653 773 - 667 475 420\n<\/h2>\t\t<\/div>\n\t\t\t\t<\/div>\n\t\t\t\t\t\t<\/div>\n\t\t\t\t\t<\/div>\n\t\t<\/div>\n\t\t\t\t<div class=\"elementor-column elementor-col-50 elementor-top-column elementor-element elementor-element-402e67c0\" data-id=\"402e67c0\" data-element_type=\"column\">\n\t\t\t<div class=\"elementor-column-wrap elementor-element-populated\">\n\t\t\t\t\t\t\t<div class=\"elementor-widget-wrap\">\n\t\t\t\t\t\t<div class=\"elementor-element elementor-element-6eab0477 elementor-view-default elementor-widget elementor-widget-icon\" data-id=\"6eab0477\" data-element_type=\"widget\" data-widget_type=\"icon.default\">\n\t\t\t\t<div class=\"elementor-widget-container\">\n\t\t\t\t\t<div class=\"elementor-icon-wrapper\">\n\t\t\t<div class=\"elementor-icon\">\n\t\t\t<i aria-hidden=\"true\" class=\"far fa-envelope\"><\/i>\t\t\t<\/div>\n\t\t<\/div>\n\t\t\t\t<\/div>\n\t\t\t\t<\/div>\n\t\t\t\t<div class=\"elementor-element elementor-element-1312bc15 elementor-widget elementor-widget-heading\" data-id=\"1312bc15\" data-element_type=\"widget\" data-widget_type=\"heading.default\">\n\t\t\t\t<div class=\"elementor-widget-container\">\n\t\t\t<h2 class=\"elementor-heading-title elementor-size-small\">info@aristaria.es<\/h2>\t\t<\/div>\n\t\t\t\t<\/div>\n\t\t\t\t\t\t<\/div>\n\t\t\t\t\t<\/div>\n\t\t<\/div>\n\t\t\t\t\t\t\t\t<\/div>\n\t\t\t\t\t<\/div>\n\t\t<\/section>\n\t\t\t\t\t\t\t\t\t<\/div>\n\t\t\t<\/div>\n\t\t\t\t\t<\/div>\n\t\t","protected":false},"excerpt":{"rendered":"<p>ARISTARIA, S.L., es una empresa que pertenece al grupo Cyes. Aristaria gestiona la explotaci\u00f3n minera iniciada en 1962 denominada \u201cEL PORVENIR\u201d, con n\u00famero de registro minero 704.La cantera se encuentra ubicada en el paraje denominado\u00a0\u201cLes Creus\u201d, situado en el t\u00e9rmino municipal Ribarroja del Turia,\u00a0a escasos cuatro km\u00a0de distancia con la conexi\u00f3n al by-pass\u00a0Alicante-Barcelona (A-7) y &hellip; <\/p>\n<p class=\"link-more\"><a href=\"https:\/\/aristaria.es\/?page_id=110\" class=\"more-link\">Continuar leyendo<span class=\"screen-reader-text\"> \u00abLa empresa\u00bb<\/span><\/a><\/p>\n","protected":false},"author":1,"featured_media":0,"parent":0,"menu_order":0,"comment_status":"closed","ping_status":"closed","template":"elementor_header_footer","meta":{"footnotes":""},"class_list":["post-110","page","type-page","status-publish","hentry"],"yoast_head":"<!-- This site is optimized with the Yoast SEO plugin v20.10 - https:\/\/yoast.com\/wordpress\/plugins\/seo\/ -->\n<title>La empresa - Aristaria S.L<\/title>\n<meta name=\"robots\" content=\"index, follow, max-snippet:-1, max-image-preview:large, max-video-preview:-1\" \/>\n<link rel=\"canonical\" href=\"https:\/\/aristaria.es\/?page_id=110\" \/>\n<meta property=\"og:locale\" content=\"es_ES\" \/>\n<meta property=\"og:type\" content=\"article\" \/>\n<meta property=\"og:title\" content=\"La empresa - Aristaria S.L\" \/>\n<meta property=\"og:description\" content=\"ARISTARIA, S.L., es una empresa que pertenece al grupo Cyes. Aristaria gestiona la explotaci\u00f3n minera iniciada en 1962 denominada \u201cEL PORVENIR\u201d, con n\u00famero de registro minero 704.La cantera se encuentra ubicada en el paraje denominado\u00a0\u201cLes Creus\u201d, situado en el t\u00e9rmino municipal Ribarroja del Turia,\u00a0a escasos cuatro km\u00a0de distancia con la conexi\u00f3n al by-pass\u00a0Alicante-Barcelona (A-7) y &hellip; Continuar leyendo &quot;La empresa&quot;\" \/>\n<meta property=\"og:url\" content=\"https:\/\/aristaria.es\/?page_id=110\" \/>\n<meta property=\"og:site_name\" content=\"Aristaria S.L\" \/>\n<meta property=\"article:modified_time\" content=\"2025-06-20T14:50:47+00:00\" \/>\n<meta property=\"og:image\" content=\"https:\/\/aristaria.es\/wp-content\/uploads\/2020\/05\/090820121272-scaled-e1589904576920.jpg\" \/>\n<meta name=\"twitter:card\" content=\"summary_large_image\" \/>\n<meta name=\"twitter:label1\" content=\"Tiempo de lectura\" \/>\n\t<meta name=\"twitter:data1\" content=\"4 minutos\" \/>\n<script type=\"application\/ld+json\" class=\"yoast-schema-graph\">{\"@context\":\"https:\/\/schema.org\",\"@graph\":[{\"@type\":\"WebPage\",\"@id\":\"https:\/\/aristaria.es\/?page_id=110\",\"url\":\"https:\/\/aristaria.es\/?page_id=110\",\"name\":\"La empresa - Aristaria S.L\",\"isPartOf\":{\"@id\":\"https:\/\/aristaria.es\/#website\"},\"datePublished\":\"2020-05-12T15:20:43+00:00\",\"dateModified\":\"2025-06-20T14:50:47+00:00\",\"breadcrumb\":{\"@id\":\"https:\/\/aristaria.es\/?page_id=110#breadcrumb\"},\"inLanguage\":\"es\",\"potentialAction\":[{\"@type\":\"ReadAction\",\"target\":[\"https:\/\/aristaria.es\/?page_id=110\"]}]},{\"@type\":\"BreadcrumbList\",\"@id\":\"https:\/\/aristaria.es\/?page_id=110#breadcrumb\",\"itemListElement\":[{\"@type\":\"ListItem\",\"position\":1,\"name\":\"Portada\",\"item\":\"https:\/\/aristaria.es\/\"},{\"@type\":\"ListItem\",\"position\":2,\"name\":\"La empresa\"}]},{\"@type\":\"WebSite\",\"@id\":\"https:\/\/aristaria.es\/#website\",\"url\":\"https:\/\/aristaria.es\/\",\"name\":\"Aristaria S.L\",\"description\":\"Cantera de \u00e1ridos\",\"publisher\":{\"@id\":\"https:\/\/aristaria.es\/#organization\"},\"potentialAction\":[{\"@type\":\"SearchAction\",\"target\":{\"@type\":\"EntryPoint\",\"urlTemplate\":\"https:\/\/aristaria.es\/?s={search_term_string}\"},\"query-input\":\"required name=search_term_string\"}],\"inLanguage\":\"es\"},{\"@type\":\"Organization\",\"@id\":\"https:\/\/aristaria.es\/#organization\",\"name\":\"Aristaria S.L\",\"url\":\"https:\/\/aristaria.es\/\",\"logo\":{\"@type\":\"ImageObject\",\"inLanguage\":\"es\",\"@id\":\"https:\/\/aristaria.es\/#\/schema\/logo\/image\/\",\"url\":\"https:\/\/aristaria.es\/wp-content\/uploads\/2020\/05\/cropped-aristaria-logo-1.png\",\"contentUrl\":\"https:\/\/aristaria.es\/wp-content\/uploads\/2020\/05\/cropped-aristaria-logo-1.png\",\"width\":250,\"height\":250,\"caption\":\"Aristaria S.L\"},\"image\":{\"@id\":\"https:\/\/aristaria.es\/#\/schema\/logo\/image\/\"}}]}<\/script>\n<!-- \/ Yoast SEO plugin. -->","yoast_head_json":{"title":"La empresa - Aristaria S.L","robots":{"index":"index","follow":"follow","max-snippet":"max-snippet:-1","max-image-preview":"max-image-preview:large","max-video-preview":"max-video-preview:-1"},"canonical":"https:\/\/aristaria.es\/?page_id=110","og_locale":"es_ES","og_type":"article","og_title":"La empresa - Aristaria S.L","og_description":"ARISTARIA, S.L., es una empresa que pertenece al grupo Cyes. Aristaria gestiona la explotaci\u00f3n minera iniciada en 1962 denominada \u201cEL PORVENIR\u201d, con n\u00famero de registro minero 704.La cantera se encuentra ubicada en el paraje denominado\u00a0\u201cLes Creus\u201d, situado en el t\u00e9rmino municipal Ribarroja del Turia,\u00a0a escasos cuatro km\u00a0de distancia con la conexi\u00f3n al by-pass\u00a0Alicante-Barcelona (A-7) y &hellip; Continuar leyendo \"La empresa\"","og_url":"https:\/\/aristaria.es\/?page_id=110","og_site_name":"Aristaria S.L","article_modified_time":"2025-06-20T14:50:47+00:00","og_image":[{"url":"https:\/\/aristaria.es\/wp-content\/uploads\/2020\/05\/090820121272-scaled-e1589904576920.jpg"}],"twitter_card":"summary_large_image","twitter_misc":{"Tiempo de lectura":"4 minutos"},"schema":{"@context":"https:\/\/schema.org","@graph":[{"@type":"WebPage","@id":"https:\/\/aristaria.es\/?page_id=110","url":"https:\/\/aristaria.es\/?page_id=110","name":"La empresa - Aristaria S.L","isPartOf":{"@id":"https:\/\/aristaria.es\/#website"},"datePublished":"2020-05-12T15:20:43+00:00","dateModified":"2025-06-20T14:50:47+00:00","breadcrumb":{"@id":"https:\/\/aristaria.es\/?page_id=110#breadcrumb"},"inLanguage":"es","potentialAction":[{"@type":"ReadAction","target":["https:\/\/aristaria.es\/?page_id=110"]}]},{"@type":"BreadcrumbList","@id":"https:\/\/aristaria.es\/?page_id=110#breadcrumb","itemListElement":[{"@type":"ListItem","position":1,"name":"Portada","item":"https:\/\/aristaria.es\/"},{"@type":"ListItem","position":2,"name":"La empresa"}]},{"@type":"WebSite","@id":"https:\/\/aristaria.es\/#website","url":"https:\/\/aristaria.es\/","name":"Aristaria S.L","description":"Cantera de \u00e1ridos","publisher":{"@id":"https:\/\/aristaria.es\/#organization"},"potentialAction":[{"@type":"SearchAction","target":{"@type":"EntryPoint","urlTemplate":"https:\/\/aristaria.es\/?s={search_term_string}"},"query-input":"required name=search_term_string"}],"inLanguage":"es"},{"@type":"Organization","@id":"https:\/\/aristaria.es\/#organization","name":"Aristaria S.L","url":"https:\/\/aristaria.es\/","logo":{"@type":"ImageObject","inLanguage":"es","@id":"https:\/\/aristaria.es\/#\/schema\/logo\/image\/","url":"https:\/\/aristaria.es\/wp-content\/uploads\/2020\/05\/cropped-aristaria-logo-1.png","contentUrl":"https:\/\/aristaria.es\/wp-content\/uploads\/2020\/05\/cropped-aristaria-logo-1.png","width":250,"height":250,"caption":"Aristaria S.L"},"image":{"@id":"https:\/\/aristaria.es\/#\/schema\/logo\/image\/"}}]}},"_links":{"self":[{"href":"https:\/\/aristaria.es\/index.php?rest_route=\/wp\/v2\/pages\/110","targetHints":{"allow":["GET"]}}],"collection":[{"href":"https:\/\/aristaria.es\/index.php?rest_route=\/wp\/v2\/pages"}],"about":[{"href":"https:\/\/aristaria.es\/index.php?rest_route=\/wp\/v2\/types\/page"}],"author":[{"embeddable":true,"href":"https:\/\/aristaria.es\/index.php?rest_route=\/wp\/v2\/users\/1"}],"replies":[{"embeddable":true,"href":"https:\/\/aristaria.es\/index.php?rest_route=%2Fwp%2Fv2%2Fcomments&post=110"}],"version-history":[{"count":44,"href":"https:\/\/aristaria.es\/index.php?rest_route=\/wp\/v2\/pages\/110\/revisions"}],"predecessor-version":[{"id":756,"href":"https:\/\/aristaria.es\/index.php?rest_route=\/wp\/v2\/pages\/110\/revisions\/756"}],"wp:attachment":[{"href":"https:\/\/aristaria.es\/index.php?rest_route=%2Fwp%2Fv2%2Fmedia&parent=110"}],"curies":[{"name":"wp","href":"https:\/\/api.w.org\/{rel}","templated":true}]}}